{"id":618,"date":"2023-01-15T18:32:09","date_gmt":"2023-01-15T17:32:09","guid":{"rendered":"https:\/\/tweedaagse.be\/faq\/le-parcours-est-il-accessible-aux-personnes-handicapees\/"},"modified":"2023-01-15T22:55:49","modified_gmt":"2023-01-15T21:55:49","slug":"le-parcours-est-il-accessible-aux-personnes-handicapees","status":"publish","type":"faq","link":"https:\/\/www.2daagse.be\/fr\/faq\/le-parcours-est-il-accessible-aux-personnes-handicapees\/","title":{"rendered":"Le parcours est-il accessible aux personnes handicap\u00e9es ?"},"content":{"rendered":"\n<p>Nous essayons toujours d&rsquo;avoir au moins un parcours disponible pour les personnes handicap\u00e9es et les poussettes. Cette ann\u00e9e, nous visons <em>les parcours de 7 et 15 km<\/em>.<\/p>\n\n<p>Parfois, cela ne fonctionne pas et nous devons proposer un court tron\u00e7on alternatif ici et l\u00e0 (par exemple, une courte \u00e9tendue de sable, quelques escaliers, etc.)<\/p>\n\n<p>Pour l&rsquo;instant, nous sommes en train de mettre en place le parcours avec l&rsquo;\u00e9quipe, donc il y a encore quelques incertitudes.<\/p>\n\n<p>Quelques semaines avant la Randaonn\u00e9e de Deux Jours, nous proc\u00e9dons \u00e0 une nouvelle v\u00e9rification approfondie des nouveaux obstacles \u00e9ventuels (par exemple, des travaux routiers). Si vous avez des doutes, <a href=\"https:\/\/tweedaagse.be\/fr\/nous-contacter\/\" data-type=\"page\" data-id=\"173\">n&rsquo;h\u00e9sitez pas \u00e0 nous contacter<\/a>.<\/p>\n","protected":false},"author":2,"template":"","faq_groups":[57],"class_list":["post-618","faq","type-faq","status-publish","hentry","faq-group-edition-2023-fr"],"_links":{"self":[{"href":"https:\/\/www.2daagse.be\/fr\/wp-json\/wp\/v2\/faqs\/618","targetHints":{"allow":["GET"]}}],"collection":[{"href":"https:\/\/www.2daagse.be\/fr\/wp-json\/wp\/v2\/faqs"}],"about":[{"href":"https:\/\/www.2daagse.be\/fr\/wp-json\/wp\/v2\/types\/faq"}],"author":[{"embeddable":true,"href":"https:\/\/www.2daagse.be\/fr\/wp-json\/wp\/v2\/users\/2"}],"wp:attachment":[{"href":"https:\/\/www.2daagse.be\/fr\/wp-json\/wp\/v2\/media?parent=618"}],"wp:term":[{"taxonomy":"faq-group","embeddable":true,"href":"https:\/\/www.2daagse.be\/fr\/wp-json\/wp\/v2\/faq_groups?post=618"}],"curies":[{"name":"wp","href":"https:\/\/api.w.org\/{rel}","templated":true}]}}

Le parcours est-il accessible aux personnes handicapées ?

<p>Nous essayons toujours d&rsquo;avoir au moins un parcours disponible pour les personnes handicapées et les poussettes. Cette année, nous visons <em>les parcours de 7 et 15 km</em>.</p>

<p>Parfois, cela ne fonctionne pas et nous devons proposer un court tronçon alternatif ici et là (par exemple, une courte étendue de sable, quelques escaliers, etc.)</p>

<p>Pour l&rsquo;instant, nous sommes en train de mettre en place le parcours avec l&rsquo;équipe, donc il y a encore quelques incertitudes.</p>

<p>Quelques semaines avant la Randaonnée de Deux Jours, nous procédons à une nouvelle vérification approfondie des nouveaux obstacles éventuels (par exemple, des travaux routiers). Si vous avez des doutes, <a href="https://tweedaagse.be/fr/nous-contacter/" data-type="page" data-id="173">n&rsquo;hésitez pas à nous contacter</a>.</p>
