{"id":614,"date":"2023-01-15T18:34:12","date_gmt":"2023-01-15T17:34:12","guid":{"rendered":"https:\/\/tweedaagse.be\/faq\/jai-des-bagages-avec-moi-que-dois-je-faire-avec-cela-lorsque-je-quitte-bruges\/"},"modified":"2026-04-03T23:12:00","modified_gmt":"2026-04-03T22:12:00","slug":"jai-des-bagages-avec-moi-que-dois-je-faire-avec-cela-lorsque-je-quitte-bruges","status":"publish","type":"faq","link":"https:\/\/www.2daagse.be\/fr\/faq\/jai-des-bagages-avec-moi-que-dois-je-faire-avec-cela-lorsque-je-quitte-bruges\/","title":{"rendered":"J&rsquo;ai des bagages avec moi. Que dois-je faire de cela lorsque je quitte Knokke ?"},"content":{"rendered":"\n<p>Si vous avez des bagages avec vous au d\u00e9part de la gare, nous assurons le transport de vos bagages jusqu&rsquo;\u00e0 Blankenberge. Ainsi, vous n&rsquo;aurez pas \u00e0 transporter cette lourde valise lors de la randonn\u00e9e.<\/p>\n\n<p>N&rsquo;h\u00e9sitez donc pas \u00e0 venir en train et \u00e0 rester \u00e0 Blankenberge dimanche. <a href=\"https:\/\/tweedaagse.be\/praktische-info\/overnachten\/\" data-type=\"page\" data-id=\"285\">Des occasions \u00e0 profusion !<\/a><\/p>\n","protected":false},"author":2,"template":"","faq_groups":[57],"class_list":["post-614","faq","type-faq","status-publish","hentry","faq-group-edition-2023-fr"],"_links":{"self":[{"href":"https:\/\/www.2daagse.be\/fr\/wp-json\/wp\/v2\/faqs\/614","targetHints":{"allow":["GET"]}}],"collection":[{"href":"https:\/\/www.2daagse.be\/fr\/wp-json\/wp\/v2\/faqs"}],"about":[{"href":"https:\/\/www.2daagse.be\/fr\/wp-json\/wp\/v2\/types\/faq"}],"author":[{"embeddable":true,"href":"https:\/\/www.2daagse.be\/fr\/wp-json\/wp\/v2\/users\/2"}],"wp:attachment":[{"href":"https:\/\/www.2daagse.be\/fr\/wp-json\/wp\/v2\/media?parent=614"}],"wp:term":[{"taxonomy":"faq-group","embeddable":true,"href":"https:\/\/www.2daagse.be\/fr\/wp-json\/wp\/v2\/faq_groups?post=614"}],"curies":[{"name":"wp","href":"https:\/\/api.w.org\/{rel}","templated":true}]}}

<p>Si vous avez des bagages avec vous au départ de la gare, nous assurons le transport de vos bagages jusqu&rsquo;à Blankenberge. Ainsi, vous n&rsquo;aurez pas à transporter cette lourde valise lors de la randonnée.</p>

<p>N&rsquo;hésitez donc pas à venir en train et à rester à Blankenberge dimanche. <a href="https://tweedaagse.be/praktische-info/overnachten/" data-type="page" data-id="285">Des occasions à profusion !</a></p>
